
Let f(h) = h**3 - 144*h**2 + 699*h - 1. Determine f(139).
555
Let x(t) = 3*t**2 - 3916*t - 1756171. Calculate x(-353).
4
Let l(w) = -103*w - 8974. Determine l(-87).
-13
Let v(s) = -1093*s + 7063. Calculate v(6).
505
Let j(m) = 2*m**3 - 39*m**2 - 135*m + 2367. Give j(19).
-559
Let w(v) = -6*v**2 - 132*v + 1604. Give w(11).
-574
Let f(v) = 3*v**3 + 232*v**2 + 22*v + 32939. Give f(-79).
-4
Let n(m) = 139*m**2 - 560*m + 59. Calculate n(4).
43
Let f(s) = 91973*s - 1839465. Give f(20).
-5
Let h(f) = -22*f**3 - 37*f**2 + 30*f + 7. Calculate h(-2).
-25
Let b(k) = 2*k**3 + 32*k**2 + 37*k + 71. Determine b(-11).
874
Let z(a) = 4*a**2 - 34*a - 5889. Determine z(49).
2049
Let x(d) = 18*d**3 - 49*d**2 - 130*d - 60. What is x(-2)?
-140
Let r(q) = 8*q**2 + 391*q - 10428. Give r(-68).
-24
Let j(c) = -c**3 + 83*c**2 + 2689*c + 1369. What is j(108)?
181
Let m(u) = -u**2 - 29*u + 283. Give m(-42).
-263
Let c(t) = -5276*t + 13321. What is c(3)?
-2507
Let i(a) = -15540*a + 435112. What is i(28)?
-8
Let i(y) = 135*y**2 + 611*y - 896. Give i(-6).
298
Let x(t) = 4642*t + 1109442. Determine x(-239).
4
Let u(j) = -2852*j**2 - 347*j - 3. Calculate u(-1).
-2508
Let j(c) = -9*c**2 - 396*c - 2198. What is j(-38)?
-146
Let r(z) = -14*z**2 + 301*z + 1821. Calculate r(-6).
-489
Let n(f) = -f**2 + 7*f + 2043. Determine n(62).
-1367
Let w(f) = -15063*f - 1717338. Give w(-114).
-156
Let q(k) = 2*k**2 - 4858*k - 157678. Determine q(-32).
-174
Let x(r) = -51*r**2 + 5876*r - 1295. Calculate x(115).
-30
Let w(f) = 4*f**3 + 14*f**2 + 3222*f + 6407. Calculate w(-2).
-13
Let l(m) = -22265*m - 44246. Give l(-2).
284
Let o(k) = -16*k**2 + 40*k - 1619. What is o(0)?
-1619
Let c(h) = 735*h**2 + 2837*h - 31. What is c(-4)?
381
Let g(k) = 8866*k + 104. Determine g(0).
104
Let r(s) = 76*s**2 + 250*s - 223. Calculate r(-4).
-7
Let l(a) = -25*a + 501. Give l(22).
-49
Let j(q) = -443789*q + 2218962. Give j(5).
17
Let o(u) = 54*u**3 + 334*u**2 + 44*u - 114. What is o(-6)?
-18
Let q(s) = -s**2 + 37361*s - 410846. Give q(11).
4
Let j(w) = 4*w**2 + 3537*w + 17549. Determine j(-5).
-36
Let p(n) = -198*n - 50168. Determine p(-254).
124
Let c(z) = -66686*z - 18738774. Give c(-281).
-8
Let z(p) = -247*p**3 - 117*p**2 + 188*p + 103. Give z(2).
-1965
Let u(x) = x**3 + 31*x**2 - 2202*x - 316. Calculate u(34).
-44
Let j(w) = 3*w**2 + 234*w - 5742. Calculate j(-99).
495
Let x(l) = -939*l + 6319. What is x(5)?
1624
Let x(a) = -5*a**3 - 11*a**2 - 117*a - 234. What is x(-2)?
-4
Let o(f) = 885*f + 250. What is o(-1)?
-635
Let c(f) = 56884*f + 1251456. Calculate c(-22).
8
Let h(l) = -4*l**2 - 153*l + 4583. What is h(-58)?
1
Let l(p) = -p**3 + 33*p**2 + 2027*p - 68076. Determine l(35).
419
Let m(b) = -147*b**2 - 16484*b - 2248. Determine m(-112).
-8
Let n(d) = -d**3 + 24*d**2 + 142*d - 23. Give n(28).
817
Let r(u) = u**3 - 550*u**2 + 5934*u - 170. What is r(11)?
-115
Let b(p) = -8*p**3 - 5*p**2 - 66*p + 35. Calculate b(-5).
1240
Let k(x) = -71*x**3 - 496*x**2 - 154*x - 3. What is k(-7)?
1124
Let z(r) = 5*r**2 + 4560*r - 78046. Give z(17).
919
Let f(u) = 41*u**2 + 744*u + 2747. Give f(-13).
4
Let n(v) = -142037*v + 1420372. Give n(10).
2
Let t(l) = 11*l**2 - 24*l - 1352. What is t(0)?
-1352
Let x(q) = -q**2 - 4582*q - 2286851. Give x(-570).
-11
Let i(c) = -7*c**2 - 626*c - 4371. Determine i(-86).
-2307
Let w(c) = -63*c**2 + 2929*c + 1463. Calculate w(47).
-41
Let c(d) = -2*d**3 - 289*d**2 - 1796*d - 254. Calculate c(-138).
22
Let w(m) = 33*m**3 + 19006*m**2 - 1076*m + 43783. Determine w(-576).
7
Let n(d) = -1399418*d - 27988367. Give n(-20).
-7
Let n(x) = 4*x**2 + 34*x - 101. Calculate n(-8).
-117
Let u(y) = 2786*y + 323182. Give u(-116).
6
Let k(t) = -t**3 - 19*t**2 + 112*t + 280. Determine k(6).
52
Let i(j) = -13807*j + 7607658. Determine i(551).
1
Let n(w) = 2*w**2 + 94055*w + 846332. Calculate n(-9).
-1
Let l(c) = -c**3 + 969*c**2 - 136446*c - 9573. Give l(798).
3
Let b(s) = -8*s**2 + 423*s - 2612. Give b(45).
223
Let f(l) = -17*l**2 - 22639*l + 45280. What is f(2)?
-66
Let l(p) = -64744*p + 1359619. Calculate l(21).
-5
Let m(i) = -1520*i - 1576. Give m(-1).
-56
Let u(g) = -g**2 + 116613*g + 1166226. Calculate u(-10).
-4
Let o(g) = 201218*g + 6640201. What is o(-33)?
7
Let c(d) = 37104*d + 259743. Give c(-7).
15
Let f(a) = -2*a**3 + 26*a**2 + 81*a + 8. Give f(16).
-232
Let s(l) = -8771*l + 359659. Give s(41).
48
Let n(h) = h**3 + 7*h**2 + 4862*h - 9731. Give n(2).
29
Let s(n) = -n**3 - 444*n**2 - 7556*n - 32. Calculate s(-18).
-2048
Let a(w) = 618*w - 36286. Determine a(57).
-1060
Let x(h) = -3*h**2 - 950*h - 42342. Calculate x(-263).
1
Let o(c) = -c**3 + 26*c**2 + 713*c - 4012. Determine o(41).
6
Let n(a) = -2792*a + 61427. Give n(22).
3
Let t(w) = w**3 - 36*w**2 + 245*w - 7515. Give t(35).
-165
Let n(m) = -24*m**2 + 725*m + 37079. Determine n(-27).
8
Let z(f) = -2*f**2 - 61592*f - 677354. Determine z(-11).
-84
Let m(v) = 7533*v + 45202. Calculate m(-6).
4
Let k(v) = -22*v + 657. Calculate k(34).
-91
Let l(j) = -120203*j + 480819. What is l(4)?
7
Let l(z) = -7*z**2 - 454*z + 1461. Determine l(-68).
-35
Let c(u) = -402*u + 577. Calculate c(2).
-227
Let x(m) = -7*m**3 + 368*m**2 - 4372*m + 289. Determine x(18).
1
Let b(n) = -n**3 + 10*n**2 - 21*n - 132. Calculate b(-3).
48
Let g(x) = -642*x - 26290. Give g(-41).
32
Let v(q) = 31*q**2 - 1771*q - 186. Give v(57).
-414
Let y(p) = -6*p**2 - 458*p + 2366. What is y(-83)?
-954
Let s(z) = z**2 - 679*z + 35895. Give s(60).
-1245
Let z(a) = 7*a**2 - 264*a - 1326. Give z(44).
610
Let q(g) = g**3 + 36*g**2 - 22*g - 416. What is q(-35)?
1579
Let y(i) = -7*i**3 + 53*i**2 - 26*i + 880. Determine y(9).
-164
Let h(o) = 2*o**3 + 112*o**2 - 484*o + 87. Give h(-60).
327
Let l(w) = -4*w**3 + 213*w**2 + 390*w - 258. Give l(55).
17
Let y(p) = -8126*p - 23978. Give y(-3).
400
Let n(o) = -13824*o + 28472. Calculate n(2).
824
Let d(k) = -k**3 - 132*k**2 + 267*k + 34. Give d(-134).
168
Let n(y) = -7*y**3 - 2751*y**2 - 9*y - 3540. What is n(-393)?
-3
Let w(f) = 145817*f + 9478070. What is w(-65)?
-35
Let v(o) = 15*o**3 - 186*o**2 + 3412*o - 45874. Calculate v(13).
3
Let c(l) = 7*l**2 - 293*l - 22971. Give c(82).
71
Let m(s) = 965*s**2 + 58866*s + 56. Give m(-61).
-5
Let m(f) = -27410*f - 219393. Calculate m(-8).
-113
Let m(c) = -57*c**2 + 13*c - 4. Determine m(-3).
-556
Let p(l) = 185*l**2 - 108*l + 113. Give p(1).
190
Let t(w) = -541*w - 247773. What is t(-458)?
5
Let g(o) = -735*o + 11047. What is g(15)?
22
Let d(k) = 494867*k - 2474331. Give d(5).
4
Let t(y) = 610*y - 17405. Give t(33).
2725
Let y(i) = -31164*i + 280637. Calculate y(9).
161
Let d(l) = -11*l**2 - 612*l - 167. What is d(-55)?
218
Let p(v) = -v**3 - 7*v**2 + 17*v + 157. Calculate p(-7).
38
Let c(d) = 601*d - 3683. Determine c(6).
-77
Let h(j) = j**3 + 79*j**2 - 1189*j + 1347. What is h(-92)?
703
Let l(y) = 107*y**2 - 1040*y - 300. Give l(10).
0
Let o(x) = x**2 + 11732*x - 117410. Give o(10).
10
Let z(h) = 2*h**3 - 592*h**2 + 43232*h - 111. What is z(165)?
219
Let r(h) = h**3 - 93*h**2 + 268*h - 367. What is r(90)?
-547
Let o(u) = -1307*u + 133443. Determine o(102).
129
Let t(g) = g**2 - 23*g - 25. Give t(-1).
-1
Let w(y) = 34413*y - 653872. Calculate w(19).
-25
Let q(l) = 2*l**3 - 29*l**2 - 179*l - 102. Calculate q(-9).
-2298
Let z(v) = 2*v**3 - 33*v**2 - 10*v + 669. Calculate z(15).
-156
Let z(l) = -l**2 + 159*l + 134682. What is z(-296)?
2
Let j(n) = n**3 + 492*n**2 + 2434*n - 1. Determine j(-5).
4
Let t(a) = -3*a**3 + 1749*a**2 - 3488*a. What is t(2)?
-4
Let x(i) = 14*i**3 + 641*i**2 - 853*i - 32897. Give x(-46).
-7
Let k(v) = 2*v**2 - 115*v + 3811. Calculate k(53).
3334
Let q(b) = -12*b**3 - 190*b**2 - 643*b - 60. What is q(-11)?
-5
Let i(a) = 1803*a + 7174. What is i(-4)?
-38
Let c(d) = 105*d - 12270. Give c(117).
15
Let z(w) = 54927*w + 3570129. What is z(-65)?
-126
Let j(c) = c**3 + 73*c**2 + 211*c - 55. Determine j(-70).
-125
Let m(v) = 18486*v**2 + 443667*v + 69. Give m(-24).
-3
Let n(f) = 367*f + 535. Calculate n(-1).
168
Let b(n) = n**3 + 334*n**2 + 6288*n - 58. Determine b(-20).
-218
Let b(n) = -560*n + 13919. What is b(25)?
-81
Let y(b) = b**3 - 20*b**2 - 538*b + 4872. What is y(32)?
-56
Let i(n) = 55*n - 1171. Determine i(18).
-181
Let b(n) = -42*n**2 + 605*n + 111. Calculate b(15).
-264
Let d(k) = 3*k